 220 = -l*a. What is the units digit of a?
4
Suppose f = -3*i + 1044, -30*i + 27*i - 2088 = -2*f. What is the tens digit of f?
4
Let p(u) = u**3 + 8*u**2 + 13*u - 2. Let t be p(-6). Let q = -106 - t. Let v = -46 - q. What is the units digit of v?
2
Let v(o) = -o**2 - 4*o - 3. Suppose 1 = -2*k + 5*d, -3*k - 5*d - 11 = -k. Let j be v(k). Suppose l - 11 - 7 = j. What is the units digit of l?
8
Let f(x) = 21 + 16*x - 23*x**2 + 11*x**2 + 13*x**2. What is the tens digit of f(-21)?
2
Let a(k) = 4*k**3 - 11*k**2 + 25*k - 10. What is the hundreds digit of a(6)?
6
Let c be (-8 + 5)/(1/3). Let o = 66 + c. What is the tens digit of o?
5
What is the units digit of 162862/26 + (-7)/(-91)?
4
Let a = -32 + 37. Suppose -139 = -a*p + 171. What is the units digit of p?
2
Suppose -w - 28 = -3*w. Suppose 0 = -4*y + 3*y + 5*l - w, y = 3*l - 10. What is the units digit of y/10 - (-17)/5?
3
Let x(p) = p**2 - 9*p + 13. Let j(h) = h**2 - 5*h + 6. Let g(l) = 5*j(l) - 2*x(l). What is the units digit of g(5)?
4
Suppose -r + 11 = 5. Suppose -3*p - b = -37, r*p - 4*b - 62 = 3*p. What is the tens digit of p?
1
Suppose 2*a + 1 = -3*o, 0*a + a = -2*o - 2. Let g(d) be the third derivative of -d**5/60 + 7*d**4/24 - 3*d**3/2 + 14*d**2. What is the units digit of g(a)?
3
Let l = 3 - -7. Let d = 88 - l. What is the units digit of d?
8
Let n be 26 + 1*(0 - 1). Suppose 6*d = 9*d. Suppose -n = -a - d. What is the tens digit of a?
2
Let x(h) = -16 - 12*h + 15 - 2*h. What is the tens digit of x(-4)?
5
Let v = 53 - 23. What is the units digit of (-12)/v + 87/5?
7
Let y be (-4)/(-22) + 3/((-231)/(-371)). Let x(r) = 5*r**2 + 9*r - 17. What is the units digit of x(y)?
3
Suppose -2*j = -5 + 41. Let p = j + 23. Suppose p*a + 0*a = 5*b - 95, 2*a + 6 = 0. What is the tens digit of b?
1
Let g be 86/12 + (-7)/42. Suppose 0 = g*c - 3*c - 488. What is the hundreds digit of c?
1
Suppose -2*v + 17 + 13 = 0. Suppose -y + v = 4*k - 49, 0 = -2*y - 5*k + 131. What is the units digit of y?
8
Let p be 294/77 + (-4)/(-22). Suppose x = -p*x + 5. What is the units digit of ((-70)/(-28))/(x/6)?
5
Suppose 2*l - 4*l - 6 = 0. Let z be -2 - -4 - (l - -1). Let x(v) = v**3 - 2*v**2. What is the tens digit of x(z)?
3
Let g = -7 - -11. Suppose 6 = g*w - 2. Suppose 4 = w*y - y. What is the units digit of y?
4
What is the tens digit of (-6 - -6) + 382 + -1?
8
Let g = 8 - 10. Let v = -6 - g. What is the units digit of 1 + 0/(-1) - v?
5
Let u(f) = -f**3 + 4*f**2 + 3*f - 4. Let n be u(4). Let p(i) be the third derivative of 7*i**4/24 + 4*i**3 + 2*i**2. What is the units digit of p(n)?
0
What is the units digit of 16*9*(-13 - 220/(-6))?
8
Let k(v) = 3*v**3 + 34*v**2 - 10*v + 4. What is the hundreds digit of k(-11)?
2
Suppose 180 = 2*k - 188. Suppose 0*n + 4*n - k = 0. What is the units digit of n/4 + 3/2?
3
Suppose i + 2 = -o - 2, -2*i = -o - 4. Suppose 5*k + 23 = g, -2*k - 2*k + 126 = 3*g. Let z = o + g. What is the tens digit of z?
3
Let w(h) = h**2 - h - 2. Let r = -9 - -7. Let u be w(r). Suppose -4*a - 5 = d + 2, -4*d + u*a + 12 = 0. What is the units digit of d?
1
Let a(b) = b**3 - b**2. Let k be a(-1). Let x = 39 + k. What is the units digit of x?
7
Let d = -10 - -12. Suppose d*x + 186 = -x. Let o = x - -97. What is the units digit of o?
5
Suppose 23*q - 403 = -127. Suppose 5*v - 277 = 293. What is the units digit of (q/(-18))/((-4)/v)?
9
Suppose -7*r + 1248 + 2798 = 0. What is the hundreds digit of r?
5
What is the tens digit of (3 + -5)/(-18) + (-34446)/(-54)?
3
Suppose 3*k - 2403 = -31*r + 27*r, 2960 = 5*r - 5*k. What is the tens digit of r?
9
Let o = -2690 - -4400. What is the units digit of o?
0
Suppose -11*n = -4*n - 2023. What is the tens digit of n?
8
Suppose 12 = 4*x + 4*i, -x - 3*i + i + 6 = 0. Suppose -a - 5 - 11 = -3*y, -3*a - 5*y - 34 = x. Let g = -5 - a. What is the units digit of g?
8
Suppose -3*w + 4937 = -5*n, 5*w - 3*n - 12075 = -3868. What is the hundreds digit of w?
6
What is the tens digit of -46 - -46 - (-1 + -235)?
3
Let l(n) = -58*n + 19. What is the hundreds digit of l(-15)?
8
Suppose 133 = -g + p + 747, -g - 4*p + 614 = 0. What is the units digit of g?
4
Let r(i) = i**2 - 6*i - 2. Suppose 0 = -4*x - x - 85. Let k = x - -13. What is the units digit of r(k)?
8
Suppose -4*n = -5*t + 13788, 2*t - 6*n + n - 5522 = 0. Suppose 3*k + t = 16*k. What is the units digit of k?
2
Let j(l) = -4*l**2 - l + 2. Let f(m) = m**2 - m - 1. Let k(r) = -3*f(r) - j(r). Let n be k(-6). Suppose -3 = 3*p, -p - 29 - n = -b. What is the tens digit of b?
4
Let t be (-1)/((-3)/24 - 0). Let p(i) = 3*i**2 - 18*i + 9. What is the tens digit of p(t)?
5
Let w(b) = 43*b**3 - b**2 - 6*b + 4. Let g(y) = -42*y**3 + 5*y - 3. Let a(t) = -3*g(t) - 2*w(t). What is the tens digit of a(1)?
4
Let v = -17 + 14. Let q be (6*v)/(3/2). Let t(i) = i**3 + 11*i**2 - 13*i - 7. What is the units digit of t(q)?
5
Let v(a) = 2*a + 0*a + 4*a + a**3 + 8*a**2 - 2. What is the units digit of v(-4)?
8
Let d = -13 + 31. Suppose -q = -2*n - d, 4*q - 79 = -3*n + 4*n. Let x = q - -7. What is the units digit of x?
7
Suppose -2*a + 25 = -n, n + n + 2*a + 56 = 0. Let g = 104 - n. What is the units digit of g?
1
Let a = 132 + 227. What is the units digit of a?
9
Suppose y = -3*i + 3, 4*y + 4*i = 9 - 21. Let p = y + 56. What is the units digit of p?
0
What is the tens digit of (-1 - 7)/(6/(-15))*207?
4
Let x(h) = h**3 + 8*h**2 + 5*h + 1. Let a be x(-7). What is the tens digit of (-628)/(-12) + (-5)/a?
5
Let j(i) = 5 - i**3 + 9*i**2 - 18*i**2 + 0*i**3. Let m be j(-9). Suppose z = 3, 0 = m*q + 5*z - 70 - 275. What is the units digit of q?
6
Suppose 469*m + 108655 = 500*m. What is the tens digit of m?
0
Suppose -f - 16 = 4. Let d = f - -20. Suppose d = -4*u + 43 + 77. What is the units digit of u?
0
Suppose 45*c = 18*c + 17550. What is the hundreds digit of c?
6
Let w(q) = -31*q - 77. What is the units digit of w(-11)?
4
Let l(w) be the third derivative of 7*w**5/30 - w**4/3 + 11*w**2. What is the tens digit of l(3)?
0
Let j(v) be the third derivative of v**5/15 + v**4/6 - 4*v**3/3 - 9*v**2. Let k be j(-4). Let w = -22 + k. What is the units digit of w?
8
Let b be (-2128)/504 + 4/18. Let j be -18*(-2)/(8/(-6)). What is the units digit of (j/(-6) + b)*46?
3
Suppose -85 + 30 = -p. What is the tens digit of 3949/p - (-1)/5?
7
Suppose 2*l = -2*l + 72. Let f be (-4)/24 - 33/l. What is the tens digit of -1 + -1 + 30 + f?
2
Suppose 4*l + 5*p = 4093, 0 = 9*l - 6*l - 2*p - 3041. What is the thousands digit of l?
1
Let q(u) = -u**3 - 10*u**2 + 23*u - 88. What is the units digit of q(-13)?
0
Let c(n) = n - 1. Let i(x) = 3*x - 42. Let q(m) = 4*c(m) - i(m). What is the tens digit of q(-7)?
3
Suppose -118*l - 66180 = -133*l. What is the tens digit of l?
1
What is the hundreds digit of (9/15)/1 - (-11360)/25?
4
Let r(y) = 6*y**2 + 15*y + 3. Suppose 4*q - 3*q + 5 = 0. Let b(g) = 7*g**2 + 16*g + 4. Let n(u) = q*b(u) + 6*r(u). What is the units digit of n(-13)?
7
Let n = 327 + 29. What is the hundreds digit of n?
3
Let o(l) = l**2 - l. Let m be o(2). What is the tens digit of (m/6)/((-1)/(-13))*3?
1
Suppose 0 = -11*v + 7*v + 12. What is the hundreds digit of (668/8)/((6/4)/v)?
1
Suppose 0 = -2*a - 93 + 13. Let x = 182 + a. What is the tens digit of x?
4
What is the tens digit of (0 - 8/6)/((-392)/172284)?
8
Let r(m) = 73*m**2 - 5. What is the hundreds digit of r(-3)?
6
Let y(f) be the second derivative of f**5/10 + f**4/4 - 2*f**3/3 - 3*f**2/2 - 23*f. What is the hundreds digit of y(5)?
3
Let n = 26 - 23. Suppose 41 = 4*v - 2*q + 5, 0 = 4*v - n*q - 32. What is the tens digit of ((-4)/(-2))/(1/v)?
2
Suppose -23 - 19 = 2*m - 5*r, 3*m - 3*r = -45. Suppose 2*d - 7 = -17. Let f = d - m. What is the units digit of f?
6
Suppose -33*d - 192 = -3*c - 34*d, 2*c - 139 = 3*d. What is the tens digit of c?
6
Let n = 120 - 125. Let l(c) = c**3 + 6*c**2 + 4*c - 4. Let k be l(-4). Let i = k - n. What is the tens digit of i?
1
Suppose 3 - 13 = 5*t, 104 = 4*i - 2*t. Suppose c - i = 31. What is the tens digit of c?
5
Let r be (105/6)/((-1)/(-2)). Let j be (-14)/r - (-6)/(-10). What is the units digit of (-9)/3 + 3 - j?
1
Let r(a) = a**2 + 5*a + 10. Let p be r(-7). Let w(y) = -4*y + 3*y + 20 + y**2 + p - y**3. What is the units digit of w(0)?
4
Let x = 16 + -15. Let f = 30 + x. What is the tens digi